30
What is the remainder when 13048109 is divided by 6?
5
Calculate the remainder when 933332 is divided by 233327.
24
What is the remainder when 334393 is divided by 4918?
4887
What is the remainder when 1108873 is divided by 38232?
145
Calculate the remainder when 79411 is divided by 36555.
6301
Calculate the remainder when 635511 is divided by 635466.
45
Calculate the remainder when 185943 is divided by 30735.
1533
What is the remainder when 290493 is divided by 166?
159
Calculate the remainder when 4763905 is divided by 58096.
33
What is the remainder when 174217 is divided by 42590?
3857
What is the remainder when 13001262 is divided by 387?
384
Calculate the remainder when 101695 is divided by 25177.
987
Calculate the remainder when 1469490064 is divided by 1089.
1087
Calculate the remainder when 35928 is divided by 110.
68
Calculate the remainder when 1260749 is divided by 4669.
119
Calculate the remainder when 44579003 is divided by 34.
5
Calculate the remainder when 9972241 is divided by 4986107.
27
Calculate the remainder when 45591 is divided by 14981.
648
What is the remainder when 794175 is divided by 52944?
15
What is the remainder when 6411318 is divided by 48?
6
Calculate the remainder when 4737 is divided by 2351.
35
Calculate the remainder when 3006596 is divided by 266.
264
What is the remainder when 245843 is divided by 30730?
3
Calculate the remainder when 14432630 is divided by 7974.
7664
Calculate the remainder when 19923628 is divided by 68466.
22
Calculate the remainder when 43870133 is divided by 23.
2
Calculate the remainder when 1641867 is divided by 234548.
31
What is the remainder when 625817 is divided by 299?
10
Calculate the remainder when 94842 is divided by 308.
286
What is the remainder when 466426 is divided by 109?
15
Calculate the remainder when 1205323 is divided by 301308.
91
What is the remainder when 37147627 is divided by 32?
11
Calculate the remainder when 2021562 is divided by 338.
322
What is the remainder when 12980 is divided by 451?
352
Calculate the remainder when 64325 is divided by 64279.
46
What is the remainder when 1871341 is divided by 650?
641
What is the remainder when 66379 is divided by 22106?
61
What is the remainder when 17489662 is divided by 1657?
27
Calculate the remainder when 29190208 is divided by 210.
208
What is the remainder when 116538 is divided by 16613?
247
What is the remainder when 2010842 is divided by 100?
42
What is the remainder when 254241884 is divided by 490?
484
Calculate the remainder when 7413415 is divided by 981.
979
Calculate the remainder when 167876542 is divided by 4444.
4442
What is the remainder when 12138395 is divided by 4022?
4021
What is the remainder when 3010 is divided by 2085?
925
Calculate the remainder when 28925982 is divided by 1928398.
12
Calculate the remainder when 12456310 is divided by 1123.
1117
What is the remainder when 3970653 is divided by 662?
639
Calculate the remainder when 61276626 is divided by 10212768.
18
What is the remainder when 1011488 is divided by 1732?
0
Calculate the remainder when 43808650 is divided by 356.
2
What is the remainder when 10927507 is divided by 76416?
19
What is the remainder when 1564808 is divided by 652?
8
Calculate the remainder when 6571762 is divided by 175.
162
Calculate the remainder when 2619450 is divided by 1610.
1590
Calculate the remainder when 4247481 is divided by 533.
4
Calculate the remainder when 578560 is divided by 1219.
754
Calculate the remainder when 316448 is divided by 39502.
432
Calculate the remainder when 369748 is divided by 22939.
2724
Calculate the remainder when 7789982 is divided by 808.
54
What is the remainder when 231943669 is divided by 19328638?
13
What is the remainder when 1964071 is divided by 13155?
3976
Calculate the remainder when 15383195 is divided by 164.
159
What is the remainder when 653802 is divided by 108946?
126
What is the remainder when 18006293 is divided by 592?
21
What is the remainder when 467419312 is divided by 303?
301
Calculate the remainder when 87251 is divided by 87116.
135
What is the remainder when 510328 is divided by 508926?
1402
Calculate the remainder when 2858039 is divided by 94.
63
Calculate the remainder when 259817056 is divided by 38.
36
What is the remainder when 17772506 is divided by 71?
70
Calculate the remainder when 261641 is divided by 4674.
4571
Calculate the remainder when 18263484 is divided by 9131734.
16
What is the remainder when 260536 is divided by 2956?
408
What is the remainder when 182599 is divided by 20281?
70
Calculate the remainder when 119699 is divided by 6645.
89
Calculate the remainder when 7461308 is divided by 22610.
8
Calculate the remainder when 1972980 is divided by 12.
0
What is the remainder when 298023 is divided by 206?
147
What is the remainder when 104478 is divided by 104438?
40
Calculate the remainder when 3489020 is divided by 896.
892
Calculate the remainder when 505953 is divided by 11052.
8613
What is the remainder when 546011 is divided by 105?
11
Calculate the remainder when 658537 is divided by 73161.
88
Calculate the remainder when 121489 is divided by 40490.
19
What is the remainder when 1025997 is divided by 330?
27
Calculate the remainder when 367358 is divided by 3599.
260
What is the remainder when 79430797 is divided by 14?
5
What is the remainder when 343517 is divided by 5696?
1757
Calculate the remainder when 16883 is divided by 8400.
83
What is the remainder when 622033 is divided by 155344?
657
What is the remainder when 21415907 is divided by 2079?
128
What is the remainder when 11528289 is divided by 46?
45
What is the remainder when 941862 is divided by 248?
206
What is the remainder when 20716713 is divided by 202?
199
Calculate the remainder when 410740 is divided by 116.
100
What is the remainder when 21218914 is divided by 401?
400
What is the remainder when 576048 is divided by 7680?
48
What is the remainder when 194232 is divided by 32322?
300
Calculate the remainder when 19656549 is divided by 6.
3
What is the remainder when 327553431 is divided by 2291?
2288
What is the remainder when 142765 is divided by 977?
123
What is the remainder when 1568160 is divided by 10386?
10260
What is the remainder when 4520587 is divided by 1506856?
19
Calculate the remainder when 1327085 is divided by 1350.
35
Calculate the remainder when 620585243 is divided by 36.
35
What is the remainder when 1318845 is divided by 328?
285
Calculate the remainder when 112215996 is divided by 6500.
6496
What is the remainder when 205862188 is divided by 115?
113
Calculate the remainder when 5973182 is divided by 4634.
4590
Calculate the remainder when 8407773 is divided by 6543.
18
What is the remainder when 1130702 is divided by 3126?
2216
What is the remainder when 37322 is divided by 167?
81
What is the remainder when 632309 is divided by 158?
151
Calculate the remainder when 4490638 is divided by 440.
438
What is the remainder when 530259 is divided by 572?
15
Calculate the remainder when 135896 is divided by 7520.
536
Calculate the remainder when 78916428 is divided by 78916424.
4
What is the remainder when 51828449 is divided by 909?
905
What is the remainder when 65101134 is divided by 21700378?
0
Calculate the remainder when 609865 is divided by 1552.
1481
Calculate the remainder when 457255 is divided by 228368.
519
What is the remainder when 20532058 is divided by 1486?
1482
What is the remainder when 17502948 is divided by 331?
330
Calculate the remainder when 5488068 is divided by 963.
894
What is the remainder when 419239 is divided by 69857?
97
What is the remainder when 172979 is divided by 43237?
31
Calculate the remainder when 7808209 is divided by 3577.
3195
What is the remainder when 8509846 is divided by 1751?
1737
What is the remainder when 14605685 is divided by 63228?
17
Calculate the remainder when 13820391 is divided by 3455062.
143
Calculate the remainder when 1151015 is divided by 2835.
5
Calculate the remainder when 623306 is divided by 23057.
767
What is the remainder when 35013 is divided by 6277?
3628
What is the remainder when 28408633 is divided by 9170?
9143
Calculate the remainder when 31998 is divided by 12430.
7138
What is the remainder when 1